 the prime factors of a?
2
Suppose 0 = 2*q + 14 + 12. Let i = q + 101. List the prime factors of i.
2, 11
Suppose 0 = 3*g + a - 4, a + 18 = 4*g + 8. Suppose -3*h - 3*f + 452 = f, -3*h + g*f + 422 = 0. List the prime factors of h.
2, 3
Let x(i) = i**2 + 9*i - 4. Let r be x(12). Suppose -9*k + 13*k - r = 0. What are the prime factors of k?
2, 31
Let r(m) = -m**2 - 2*m + 2. Let g(c) = -2*c**2 - 4*c + 3. Let v(k) = -2*g(k) + 5*r(k). Let i be v(-6). Let n = 41 + i. What are the prime factors of n?
3, 7
Let w = 20 - 18. Suppose 3*v - 15 = 0, 3*u - 6 = -w*v + 19. Suppose 0*t = u*t - 190. List the prime factors of t.
2, 19
Suppose 5*a - 2566 = b + 944, 2*a = b + 1404. What are the prime factors of a?
2, 3, 13
Let f = -1206 - -2086. List the prime factors of f.
2, 5, 11
Let d = 45 + -37. Suppose d = -11*f + 15*f. What are the prime factors of f?
2
List the prime factors of 2272/64*(-4 - -82).
3, 13, 71
Let c(p) = -6*p**3 + p. Let i be c(-1). Let w(r) = r**3 + 3 + 4 - 6 - 3*r**2 - 6*r - 3. What are the prime factors of w(i)?
2, 3
Let a = 105 - 107. List the prime factors of (4 + (-1734)/9)*3/a.
283
Let p be (-44)/(-66) + (-254)/(-12)*-16. Let x = 577 + p. List the prime factors of x.
239
Suppose -4*h + 5 - 65 = 0. Let d(v) = v**3 + 14*v**2 - 16*v - 12. Let s be d(h). Suppose -4*x + 7*x = -5*n + 123, -s*x = 4*n - 126. List the prime factors of x.
2, 23
Suppose -18*h = -23*h. Suppose 2*l = -h*l + 64. List the prime factors of l.
2
Suppose -3 + 1 = k - t, -t + 17 = 4*k. Let d(b) = b**3 - b**2 + b - 12. List the prime factors of d(k).
3
Let o be (-66)/(-24) + (-6)/8. Let f(l) = 23*l. List the prime factors of f(o).
2, 23
Let r(b) = 1931*b - 11. Let o be r(6). List the prime factors of (-4)/(-6) + o/75.
5, 31
Suppose -4*a + 4129 = 757. What are the prime factors of a?
3, 281
Let j = 780 - 430. What are the prime factors of (-13)/((-65)/j) + -4?
2, 3, 11
Let c(q) = 3*q**3 + 101*q**2 + 24*q + 6. What are the prime factors of c(-33)?
2, 3, 29
Suppose 15 + 25 = 10*c. Suppose 5*y + d - 466 = 0, -4*y - 2*d + 369 = -5*d. Suppose y = c*s - s. What are the prime factors of s?
31
Let u(r) = -6*r**2 - 4*r - 12 + 55*r**3 - 54*r**3 + 5*r**2. What are the prime factors of u(6)?
2, 3
Let t(u) be the second derivative of 89*u**3/6 + 7*u**2/2 - 16*u - 3. What are the prime factors of t(3)?
2, 137
Let k be 15/(-2)*12/(-10). Suppose -2*d - d = -k. Suppose -4*r + 260 = -4*a, -2*a + 200 = d*r - 6*a. List the prime factors of r.
2, 3, 5
Let x be (-12)/(4 + -2) + 4. Let j be (2/1)/(x*1). List the prime factors of j + (4 - 2) + 11.
2, 3
Let j(n) = n**2 + 19. Let d be j(0). Suppose -9*p + 0*p + 306 = 0. Let u = d + p. What are the prime factors of u?
53
Let h be 1/(-3)*(2 + -14). Suppose -h*d = -2 - 10. List the prime factors of 14/d - (-6)/(-9).
2
What are the prime factors of (116/(-10))/((-16)/1880)?
29, 47
Let o(a) = -a**3 - 3*a**2 + a - 8. Let k be o(-4). Suppose -456 = -k*l - 0*l. What are the prime factors of l?
2, 3, 19
Suppose 0 = -4*j + 3*n + 17, -n + 9 = 3*j - 2*n. List the prime factors of j.
2
Let b(m) = 62*m**3 - 8*m**2 + 14*m + 8. What are the prime factors of b(3)?
2, 7, 59
Let p(s) = s**3 - 12*s**2 + 8*s - 21. Let x be p(10). Let k = -81 - x. What are the prime factors of k?
2, 3, 5
Suppose -x = -2*x + 133. Suppose 47 = 3*k - x. Suppose z = -z - 3*t + 60, -k = -2*z - 2*t. What are the prime factors of z?
2, 3, 5
Suppose 0 = q - 103 - 1. Suppose 62*y - 60*y = q. List the prime factors of y.
2, 13
Let b(f) = -f**3 + 5*f**2 - 5*f + 4. Let t be b(4). Suppose 0 = 2*p - 2*z - 10, 0 = 3*p + 3*z + 2 - 5. Let d = t + p. What are the prime factors of d?
3
Let s(d) = -d**3 - 7*d**2 + 7*d - 6. Let i be s(-8). Suppose -i*x + 6*x - n = 116, 0 = x - 2*n - 36. What are the prime factors of x?
2, 7
Let k = -579 - -2503. What are the prime factors of k?
2, 13, 37
Let v(d) = -6*d**3 - 23*d**2 + 12*d + 113. List the prime factors of v(-10).
3, 1231
Let m(n) = 2*n + 85. List the prime factors of m(-22).
41
Let f be (-94)/(-30) - 6/45. Suppose -t = -4*c - 14 - 31, f*c + 5 = -5*t. List the prime factors of (-3 - (c - -1)) + 3.
3
Let a be ((-45)/30)/((-6)/(-40)). Let i = a + 20. Suppose i = 2*v - 8. What are the prime factors of v?
3
Let s(l) = -l**3 + 11*l**2 + 7*l + 14. Suppose d = -2*d + 5*r + 23, 2*d + 5*r = 32. List the prime factors of s(d).
7, 13
Let u(c) = c**3 + 11*c**2 - 34*c - 29. List the prime factors of u(-12).
5, 47
Let k = 7515 - 5241. List the prime factors of k.
2, 3, 379
Suppose 0 = 5*v + 37 + 18. Let l = 80 + v. List the prime factors of l.
3, 23
Let l(u) be the third derivative of u**6/120 - u**5/12 + 5*u**4/24 + u**3/6 + 3*u**2. Let o = -2 + 7. What are the prime factors of l(o)?
2, 13
Suppose 2*o - l - 2 = 0, 11*l + 10 = -2*o + 6*l. Suppose 4*c - 125 - 139 = o. List the prime factors of c.
2, 3, 11
Let p = 1627 - 900. What are the prime factors of p?
727
Let h(a) = 55*a + a**2 - 112*a - 2 + 63*a. Let z(q) = -3*q**2 + q. Let x be z(2). List the prime factors of h(x).
2, 19
Let j(t) = 3*t**2 + 18*t + 29. Let o(z) = -z**2 - 6*z - 10. Let b be 87/(-12) + 2/8. Let c(x) = b*o(x) - 2*j(x). List the prime factors of c(-8).
2, 7
Suppose 0 = -12*x + 5202 + 2610. Suppose -9*o - 12*o + x = 0. What are the prime factors of o?
31
Let k be ((-10)/6)/((-1)/60). Let q = -67 + k. Let t = -29 + q. What are the prime factors of t?
2
Suppose -17*q + 19*q = 396. List the prime factors of q.
2, 3, 11
Let t be (-2)/(-5) - (-609)/15. Let o = t + -163. Let b = -74 - o. List the prime factors of b.
2, 3
Let k(i) = -i**3 + 11*i**2 - 10*i - 2. Suppose 0 = -6*w + 3*w + 30. Let q be k(w). List the prime factors of 3 + q + -1 + 3.
3
Suppose 39*q - 59688 = 3*q. What are the prime factors of q?
2, 829
Let s = 9653 + -6486. List the prime factors of s.
3167
Let i = 390 + -18. List the prime factors of i.
2, 3, 31
Let h(u) = -u + 18. Let l = 29 + -12. Let k be h(l). List the prime factors of (8 - -1) + k + -2.
2
Let y(c) = -6*c**2 - 12*c - 7. Let u be y(-3). List the prime factors of (-2580)/u - (0 - 2/(-10)).
103
Let a = 35 - 29. What are the prime factors of (-5)/30 + 343/a?
3, 19
Let y(b) be the third derivative of -b**6/120 - 3*b**5/10 - 11*b**4/12 + b**3/6 + 2*b**2. List the prime factors of y(-17).
2, 43
Suppose 0 = -2*r + 241 + 111. Let j = -98 + r. Let h = j - 26. List the prime factors of h.
2, 13
Let a(q) = -q**3 - 13*q**2 - 13*q + 25. Let x be 36/(-54) + (-2)/6. Let l(g) = g**2 + 1. Let z(d) = x*a(d) + 3*l(d). List the prime factors of z(-15).
2
Suppose -3*p + 95 = -3*h - 169, 0 = -2*p - 5*h + 197. Let g = 186 - p. List the prime factors of g.
5, 19
Let n = -9 - -12. Suppose -2*y + n*j + 26 = -10, -5*j - 90 = -5*y. List the prime factors of y.
2, 3
Let q = 15 + -33. Let v be (-1)/((0 + -3)/q). Let h = v - -29. List the prime factors of h.
23
Let i(g) = g**3 + 22*g**2 + 22*g + 27. List the prime factors of i(-20).
3, 43
Suppose -m + 5*m - 451 = 3*o, 2*o + 298 = 2*m. Let y = 367 + o. List the prime factors of y.
2, 3, 37
Let s be (-2 - (-9)/6)*-26. Let y = s + -13. Suppose y = -5*h - 12 + 67. List the prime factors of h.
11
Suppose -4*v - 3*r = -2244, -2*r = -106 + 114. What are the prime factors of v?
2, 3, 47
Let c(d) = 2*d**2 - 12*d - 8. Let y be c(6). List the prime factors of 0 - ((-12)/y)/(1/(-114)).
3, 19
Let k = 642 - 425. What are the prime factors of k?
7, 31
Suppose 7*q - 3*d - 93 = 2*q, 4*d + 4 = 0. Suppose 0 = -4*t - 2 - q, 3*t = 2*i - 57. What are the prime factors of i?
3, 7
List the prime factors of 3666 + 0 + 14*20/140.
2, 7, 131
Suppose -20 = 11*n - n. List the prime factors of n - (-40)/22 - 5187/(-33).
157
Let w be (-45)/10*2/(-3). Suppose 5*q + 3*u = 34, -2*u - 11 + 2 = -w*q. Suppose -q*c + 151 - 1 = 0. What are the prime factors of c?
2, 3, 5
List the prime factors of (1 - 0)*-5 + 4 - -2428.
3, 809
Let y(w) = -w**3 - 3*w**2 + 3*w - 14. Let p(l) = -l**2 - 3*l - 2. Let r be p(-4). What are the prime factors of y(r)?
2, 19
Suppose -2*t - n - 3*n = 248, 3*t - 3*n = -363. Let b = -61 - t. What are the prime factors of b?
61
Let s = 943 + -81. List the prime factors of s.
2, 431
Let j(o) = 142*o**3 - o**2 - 55*o + 114. List the prime factors of j(2).
2, 71
Let k = -2823 - -4287. What are the prime factors of k?
2, 3, 61
Let x = -140 - -157. Suppose 0 = 9*r - x*r + 2040. Li